f 6070840?
False
Does 1524 divide 764296668?
True
Is 81942967 a multiple of 11?
False
Is 1731258900 a multiple of 20?
True
Does 5 divide 302552905?
True
Does 57 divide 284739567?
True
Is 107 a factor of 47752281?
True
Is 226796736 a multiple of 7?
False
Is 11 a factor of 131786666?
True
Is 432092694 a multiple of 263?
True
Is 311204110 a multiple of 14?
True
Is 712 a factor of 33564969?
False
Is 24804835 a multiple of 50?
False
Does 3 divide 379446118?
False
Does 18 divide 13674708?
True
Is 386080065 a multiple of 130?
False
Is 69 a factor of 1191682716?
True
Is 579795524 a multiple of 44?
True
Is 36 a factor of 2871141624?
True
Is 101895040 a multiple of 208?
True
Is 1189 a factor of 133152712?
False
Is 22 a factor of 3817498058?
True
Does 2786 divide 106712158?
True
Is 20249906 a multiple of 299?
False
Is 3229 a factor of 424345493?
True
Does 353 divide 32786640?
True
Does 262 divide 245784485?
False
Is 42 a factor of 300597831?
False
Is 13770760 a multiple of 8?
True
Does 44 divide 48461723?
False
Is 101909520 a multiple of 240?
True
Does 20 divide 10697020?
True
Does 124 divide 104961902?
False
Is 27 a factor of 446514741?
True
Is 5102685 a multiple of 35?
True
Does 505 divide 72178135?
True
Does 1905 divide 45215882?
False
Is 45 a factor of 5239276?
False
Is 74 a factor of 8108422?
False
Is 265067500 a multiple of 274?
False
Is 18 a factor of 51047593?
False
Does 19 divide 2220733623?
True
Does 13 divide 1267968?
True
Does 2 divide 665901?
False
Does 55 divide 433372610?
True
Is 4189 a factor of 1491251511?
False
Does 4 divide 207562608?
True
Is 468793794 a multiple of 21?
True
Is 21225355 a multiple of 5?
True
Does 14 divide 565453061?
False
Is 46 a factor of 341893884?
False
Does 113 divide 53451925?
False
Is 4472412890 a multiple of 11?
True
Is 1346288822 a multiple of 15?
False
Is 2062 a factor of 2259739614?
True
Is 18534154 a multiple of 201?
False
Does 42 divide 10891043?
False
Does 6505 divide 1354367020?
True
Is 119137810 a multiple of 11?
True
Is 2 a factor of 7354801?
False
Is 917004088 a multiple of 1144?
True
Is 801 a factor of 1155263076?
True
Is 29 a factor of 3163686444?
True
Is 120286960 a multiple of 80?
True
Is 14217148 even?
True
Is 105 a factor of 818585985?
True
Is 50667282 a multiple of 107?
True
Is 35 a factor of 73440640?
True
Is 11624800 a multiple of 44?
True
Is 283824 a multiple of 81?
True
Is 124 a factor of 273688336?
True
Is 704692 even?
True
Is 22 a factor of 114448290?
True
Is 161 a factor of 217686?
False
Does 139 divide 65434305?
False
Does 3465 divide 1950404031?
False
Is 17 a factor of 344376990?
True
Is 4339893 a multiple of 81?
False
Is 3914 a factor of 739877317?
False
Is 695 a factor of 4022660?
True
Is 138610550 a multiple of 10?
True
Is 518221617 a multiple of 21?
False
Does 39 divide 2914587?
True
Does 192 divide 198114596?
False
Does 969 divide 948929103?
True
Is 678 a factor of 209354000?
False
Does 149 divide 6360095?
False
Is 2586552099 a multiple of 687?
False
Is 17 a factor of 1520203291?
True
Does 9 divide 690859665?
True
Is 60642771 a multiple of 1379?
False
Is 118112893 a multiple of 2247?
False
Is 43 a factor of 10347950?
True
Does 1281 divide 36935878?
False
Does 42 divide 11623469?
False
Is 31 a factor of 13810779?
True
Does 10 divide 200347965?
False
Is 1979835372 a multiple of 9?
True
Does 660 divide 227799431?
False
Is 239091293 a multiple of 1388?
False
Is 213467136 a multiple of 2064?
True
Is 86932338 a multiple of 94?
False
Is 89 a factor of 77438127?
False
Is 387351576 a multiple of 9?
True
Is 19220648 a multiple of 4?
True
Is 103 a factor of 268310214?
False
Does 59 divide 43212308?
True
Is 15774234 a multiple of 122?
True
Is 61 a factor of 1720885987?
False
Does 587 divide 1803482130?
False
Is 60006562 a multiple of 154?
True
Is 28846840 a multiple of 265?
True
Is 2039 a factor of 307485278?
True
Is 410 a factor of 12496390?
True
Is 4390606 a multiple of 15?
False
Does 24 divide 3127343592?
True
Does 77 divide 10441508?
True
Is 18 a factor of 702421037?
False
Is 239872691 a multiple of 13?
False
Is 469243505 a multiple of 29?
False
Is 1469177811 a multiple of 4334?
False
Does 1715 divide 2029867140?
True
Does 46 divide 4211300?
True
Is 67 a factor of 9216252?
True
Is 203 a factor of 45286829?
False
Is 172390598 a multiple of 766?
True
Does 529 divide 239442328?
True
Is 58142645 a multiple of 97?
False
Is 94250392 a multiple of 175?
False
Is 10692822 a multiple of 1218?
True
Does 18 divide 470232108?
True
Does 54 divide 180125009?
False
Does 4 divide 269190344?
True
Is 243706746 a multiple of 1162?
False
Is 222 a factor of 58899004?
False
Is 1971 a factor of 175322863?
False
Is 163 a factor of 100095289?
False
Is 4 a factor of 1350657?
False
Is 4929726 a multiple of 67?
True
Is 15 a factor of 113857077?
False
Does 1885 divide 5228396225?
True
Is 40 a factor of 25098760?
True
Is 1015358666 a multiple of 274?
False
Is 34230250 a multiple of 250?
True
Is 972 a factor of 33656472?
True
Does 148 divide 26665308?
True
Does 892 divide 1856252?
True
Is 10 a factor of 1129030600?
True
Is 687 a factor of 180086058?
True
Is 195 a factor of 976447457?
False
Is 5362035 even?
False
Does 149 divide 238113622?
True
Does 170 divide 292663500?
True
Is 36537840 a multiple of 1240?
True
Is 341944077 a multiple of 10?
False
Does 24 divide 211331832?
True
Is 614 a factor of 3121576?
True
Does 77 divide 300608?
True
Does 738 divide 309480840?
False
Is 141 a factor of 20911851?
True
Is 24 a factor of 966596109?
False
Is 6402038096 a multiple of 584?
True
Is 594580065 a multiple of 211?
True
Is 44 a factor of 969005620?
True
Is 31 a factor of 29928754?
False
Is 6444 a factor of 2149794685?
False
Is 175138325 a multiple of 13?
False
Is 1582 a factor of 35691502?
True
Is 1029964059 a multiple of 59?
False
Does 14 divide 67592812?
True
Is 10350450 a multiple of 935?
True
Does 3 divide 65086266?
True
Does 874 divide 45913067?
False
Does 601 divide 21269673?
False
Does 648 divide 223813577?
False
Does 945 divide 52362892?
False
Is 174 a factor of 101196486?
True
Does 36 divide 16186990?
False
Is 297905648 a multiple of 3352?
True
Is 49181457 a multiple of 2587?
True
Is 1425054069 a multiple of 197?
True
Does 18 divide 516886326?
True
Is 510 a factor of 1202030730?
True
Is 55670489 a multiple of 1858?
False
Is 29 a factor of 16532344?
False
Is 1656601 a multiple of 2?
False
Does 3 divide 8689347?
True
Is 27 a factor of 40869900?
True
Does 19 divide 20617814?
False
Does 2077 divide 370601770?
False
Is 427 a factor of 3017815241?
True
Is 38 a factor of 177812001?
False
Is 86070633 a multiple of 43?
False
Is 316454726 a multiple of 6797?
True
Is 386316432 a multiple of 11?
False
Is 3281097 a multiple of 32?
False
Is 214 a factor of 44310412?
True
Does 609 divide 813383842?
False
Does 1365 divide 118734510?
False
Does 7 divide 2296047082?
True
Is 3 a factor of 138631474?
False
Is 76668919 a multiple of 16?
False
Does 44 divide 24672384?
True
Is 126 a factor of 24617754?
True
Does 9 divide 66279660?
False
Does 19 divide 398095890?
False
Is 10 a factor of 24218778?
False
Does 127 divide 3476752?
True
Is 41920635 a multiple of 486?
False
Is 103 a factor of 152711601?
False
Does 265 divide 19367260?
True
Does 1210 divide 317598380?
True
Is 73802740 a multiple of 22?
True
Does 321 divide 82066898?
False
Is 10 a factor of 2910362511?
False
Is 1483752809 a multiple of 1487?
False
Does 461 divide 153783218?
False
Is 2097900406 a multiple of 2547?
False
Is 270 a factor of 91746270?
True
Does 11 divide 758197946?
True
Does 1822 divide 2931388016?
False
Does 82 divide 166577014?
True
Does 474 divide 158174274?
True
Does 237 divide 21448974?
True
Is 815 a factor of 967091225?
True
Does 61 divide 30605164?
True
Does 1248 divide 562253952?
True
Is 2525002001 a multiple of 10?
False
Does 3381 divide 459964764?
True
Is 1094471 even?
False
Does 537 divide 287589369?
False
Is 520 a factor of 51847640?
True
Is 4 a factor of 260052680?
True
Is 190 a factor of 375643870?
True
Is 18134417 a multiple of 59?
True
Is 3828 a factor of 71484072?
True
Does 650 divide 139334080?
False
Does 51 divide 2999820?
True
Is 540 a factor of 411940790?
False
Is 11359216 a multiple of 221?
False
Is 17101261 a multiple of 89?
True
Does 4 divide 